ppose -3*b = 4*r - 26, 3*b + 2*b - 30 = -l*r. Suppose -r*x + 3*v = -173, -5*x + 152 = -x + v. What is the units digit of x?
7
Suppose -9*s - 9*s + 272446 = 24046. What is the ten thousands digit of s?
1
Let b = -2917 - -8278. What is the thousands digit of b?
5
Let a = -18050 - -32349. What is the tens digit of a?
9
Let a = 82 - 100. Let d = -4 - a. Suppose 0 = 19*q - d*q - 870. What is the tens digit of q?
7
Let n be (-3)/1 + (-64 - -4). What is the units digit of (-28485)/n - 1/7?
2
Suppose 4*t = 5*h + 44592, 3*t + 2*h - 14290 = 19177. What is the units digit of t?
3
Let x(q) = -q**3 + 10*q**2 + 2*q - 18. Let h(i) = i**3 - 11*i**2 + 2*i + 11. Let f be h(11). Let y = f + -28. What is the hundreds digit of x(y)?
1
Let v be (24 + -29)*1/(-1)*1. Suppose -4*k - 4*j = -1800, v*j + 2220 = 8*k - 3*k. What is the units digit of k?
7
Suppose 3*x - 2*x + 174 = 3*d, 3*x = -3*d + 162. Suppose c = 5*v + d, -9*v = -5*c - 7*v + 400. What is the units digit of c?
2
Suppose 0 = -23*p + 175251 + 76507. What is the tens digit of p?
4
Suppose 9*w = 5*w - 1844. Let s = 921 + w. Suppose 1284 = 4*f + s. What is the units digit of f?
6
Let i(t) = 5578*t**2 + 435*t - 1326. What is the ten thousands digit of i(3)?
5
Let x be (-2292)/(-5) + 6/(-15). Suppose x - 142 = 4*u. Suppose -3*c = 4*l - 237, c - l - 2*l = u. What is the units digit of c?
9
Let q be 8/(-6)*(-18)/(-4). Let i be -12 - q - (-2 + -1). What is the units digit of ((-2)/(-3))/((-6)/891*i)?
3
Let q(r) = r**3 - 21*r**2 + 152*r + 79. What is the tens digit of q(16)?
3
Let u = 25 - 16. Let g = u - -58. Suppose 3*i + g = v - 39, 2*v + 4*i = 192. What is the tens digit of v?
0
What is the thousands digit of 96/(-15)*(-37895)/22?
1
Let a be ((-58 + -5 + 2)*6)/(-1). Let i = 750 - a. What is the units digit of i?
4
What is the units digit of (55388/(-9))/(-1) + ((-34)/9)/17?
4
Suppose 4*a + 4*i - 146780 = 0, 9246 = a - i - 27437. What is the hundreds digit of a?
6
Let x = -215 + 216. Let g(t) = 353*t**3 + t**2 - 2*t + 2. What is the hundreds digit of g(x)?
3
Let j(w) be the second derivative of -5*w**3/2 - 16*w**2 + 26*w. Let a be j(-7). Let f = 140 - a. What is the units digit of f?
7
Let m = 490 + -487. What is the hundreds digit of (4 - (-77)/(-35))/(m/2095)?
2
Let g(o) = -13*o**3 + 5*o**2 + 8*o + 14. Let r be ((-28)/8 + 1)*2*1. Let a be g(r). What is the units digit of (-1)/(-3) + a/12?
4
Let q be (1 - -2) + -3 - -1. What is the tens digit of (6 - q)/((-155)/(-2449))?
7
Let a = -237 + 201. What is the thousands digit of 1 + (-22342)/(-21) + a/(-378)?
1
Let z = 66 + 869. Suppose -780 = -x - 2*v, v + z - 149 = x. What is the hundreds digit of x?
7
Let h = 293 + -294. Let d(k) = 933*k**2 - 31*k - 32. What is the hundreds digit of d(h)?
9
What is the thousands digit of (315 + -2)/(15/60)*21/12?
2
Suppose -36*o + 3472 = -20*o. Let c = o + -12. What is the tens digit of c?
0
Let f be (-1)/((-34)/8 + 4). Let z be ((-2)/f)/(-2 - (-6186)/3096). Suppose 7*g = z + 106. What is the units digit of g?
2
Let r(z) = 6*z + 210. Let s be r(-34). Let p = 25 + -44. Let h = s - p. What is the units digit of h?
5
Suppose 3*k + 1274 = 10*k. Let i be (65/(-10) + 5)*k. What is the tens digit of (-8 + 14 - i) + 1/(-1)?
7
Let k be 1/(-2)*(-18)/(-6 + -3). What is the units digit of k*(-36)/42*749?
2
Let n(u) = 3967*u + 1340. What is the ten thousands digit of n(6)?
2
Suppose 2*a - a + 4*j = 6, j = 4*a + 10. Let q(l) = -98*l**3 - 6*l**2 - 12*l - 4. What is the tens digit of q(a)?
8
Suppose 1408 = 4*z + z + u, -z + 4*u + 269 = 0. What is the tens digit of z - (20/(-15) + (-1)/(-3))?
8
Let g(c) = -13*c - 9. Let b be g(-10). What is the tens digit of (-8)/(-5)*(-1 + b)?
9
What is the units digit of (-4 + 1280/24)/((-22)/(-1551))?
8
What is the units digit of 7512/(-5)*45/36*-2?
6
Let v = -101 - 35. Let u = -57 - v. What is the tens digit of (0 - -7) + -4 + u?
8
Let c = 411 + 1153. What is the thousands digit of c?
1
Suppose 72*d - 377214 = -3318. What is the thousands digit of d?
5
Let t = 97612 + -30118. What is the units digit of t?
4
What is the hundreds digit of (506/(-275)*-5)/(2/4910)?
5
Let l be (-4)/((-1)/(25/10)). Let f be (1 - (-8)/l)*220/33. Suppose 4*u + f = 6*u. What is the units digit of u?
6
Suppose -16*o + 20186 = -46678. Suppose 4*t = -3*t + o. What is the tens digit of t?
9
Let h(m) be the second derivative of 1/12*m**4 - 12*m - 4*m**2 + 1/2*m**3 - 1/20*m**5 + 0. What is the hundreds digit of h(-5)?
1
Let v(t) = -4*t**2 + 2*t**2 + 6*t**2 + 10. Let w be v(8). Suppose -5*a + w = -119. What is the units digit of a?
7
Suppose 10*w - 7680 = 5*w. Suppose -f - w = -4*f - 5*p, 0 = -4*f - 4*p + 2048. Suppose -2*u = 6*u - f. What is the units digit of u?
4
Let q be 43*((-4)/6)/(6/(-9)). Let o(t) = q - 45 - t**3 + 3*t + 3*t - 10*t**2. What is the tens digit of o(-11)?
5
Suppose 0*v + 4*i - 8 = 4*v, 4*v = -i + 2. Suppose v = -10*q - 4*q + 9338. What is the tens digit of q?
6
Let j be (-20)/(-5) - 60/2. Let f = j + 52. Let u(h) = h - 17. What is the units digit of u(f)?
9
Let d be (-536)/(-40) + ((-2)/5 - 0). Let x = 13 - d. Suppose x = o - 125 - 37. What is the hundreds digit of o?
1
Let c(x) = -2*x**3 - 16*x**2 + x + 9. Let b be c(-8). Let p(y) = 617*y**2 + y + 2. Let u be p(2). What is the tens digit of (u/(-72))/(b + 8/(-6))?
0
Let b be (-2604)/(-48) - (-1 + 10/8). Suppose 16*r = 7*r + b. What is the units digit of 686/r + 1 - 6/18?
5
Let o be (-10)/((-10)/5) - 6. What is the tens digit of 1464/24 - (o - -4)?
5
Let c(j) = -j**2 - j + 1. Let p(t) = -2*t**2 + 15*t + 36. Let r(b) = 3*c(b) - p(b). Suppose -18*l + 0*l = 108. What is the tens digit of r(l)?
3
Suppose -10*o + 9*o + 4*n + 13783 = 0, -5*o - n = -69020. What is the hundreds digit of o?
8
Let z = 1079 + -25. Suppose 0 = 7*x + 46 - z. Suppose 0 = -4*i + 136 + x. What is the tens digit of i?
7
Suppose -3*q + 2*q - 29 = -s, 0 = -3*s + 5*q + 89. Suppose 682 + s = 5*m. What is the units digit of m?
2
Let g be (-10)/(-75) + (-4)/30. Suppose g = -73*l + 71*l + 1334. What is the hundreds digit of l?
6
Suppose -177*w - 23352 = -189*w. Suppose 2*d = 10, -2*d = 4*l - w + 544. What is the hundreds digit of l?
3
What is the tens digit of (-1 - (-9)/2)/((-4)/(28776/(-3)))?
9
Suppose 5*b + 4*d + 197 = 3*d, -5*d + 15 = 0. What is the units digit of (64/b)/(6/(-855) - 0)?
8
Let n(w) = 364*w - 63. Let t be n(6). Suppose -2*d = -o - t, 10*d - 2115 = 8*d - 5*o. What is the hundreds digit of d?
0
Suppose -4*t = 113 - 477. Suppose -6*s + 715 = t. What is the hundreds digit of s?
1
Let i = 2828 - 539. Suppose -s + 2*u + 3*u + 777 = 0, 3*s - u - i = 0. What is the hundreds digit of s?
7
Suppose -35*t + 135*t = 22*t + 774228. What is the hundreds digit of t?
9
Let w(y) = 78*y - 11. Let o = 123 - 121. What is the tens digit of w(o)?
4
Let l = -126 - -173. Suppose c = 98 + l. What is the hundreds digit of c?
1
Suppose -28*o + 36530 = -42962. What is the tens digit of o?
3
Let o = -1212 + 3332. Suppose 0 = -11*a - 371 + o. What is the tens digit of a?
5
Let h(r) = 22 - 17*r - 4 - r**2 - 6. Let c be h(-12). Suppose -c = -2*z + z. What is the tens digit of z?
7
Suppose j - 2824 = -2*f + 2531, f - 2674 = -4*j. Suppose -311 + f = 9*o. What is the tens digit of o?
6
Suppose -3*g = -12, -47*g - 6490 = -2*f - 51*g. What is the thousands digit of f?
3
Let r = -43 - -115. Let o be r/8*134/3. Suppose -o = 11*d - 2767. What is the units digit of d?
5
Suppose 4*q - 93599 = -z, -z - 2*q + 25186 = -68405. What is the ten thousands digit of z?
9
Let t = 40 + -33. Let f = t - 7. Suppose f*q + q - 102 = l, 3*l + 15 = 0. What is the units digit of q?
7
What is the hundreds digit of (-278200)/(-6) + (2 - 6/9)?
3
Let s(q) = 5*q**2 + 2*q + 2. Let g be s(0). Suppose -107 + 643 = g*j. What is the units digit of j?
8
Let j be (-9)/((-9)/4) + -107. Let x = j + 108. Suppose 3 = 3*r, x*b + 261 = 2*r + 1454. What is the tens digit of b?
3
Suppose x + 3*h - 38 = 0, -2*x = 3*x + 4*h - 179. Let c = -35 + x. What is the tens digit of 0 + c + -8*(-49)/14?
2
Suppose 658*o = 645*o + 68640. What is the tens digit of o?
8
Let b be (-7 - 2)*(-50)/30. Suppose -346 = -16*l + b*l. Suppose 0 = 4*t + 2*d - l, 6*t + 5*d + 381 = 10*t. What is the tens digit of t?
8
Let p(w) = w**2 + 56*w - 2350. What is the units digit of p(-101)?
5
Let f be 